{"id":12875,"date":"2024-04-18T17:11:28","date_gmt":"2024-04-18T15:11:28","guid":{"rendered":"https:\/\/abuelailichocolates.com\/tienda\/tablette-speciale-fete-des-meres\/"},"modified":"2024-04-18T17:11:28","modified_gmt":"2024-04-18T15:11:28","slug":"tablette-speciale-fete-des-meres","status":"publish","type":"product","link":"https:\/\/abuelailichocolates.com\/fr\/producto\/tablette-speciale-fete-des-meres\/","title":{"rendered":"Tablette Sp\u00e9ciale F\u00eate des M\u00e8res"},"content":{"rendered":"<p><strong>Ingr\u00e9dients :<\/strong><\/p>\n<p><strong>*Chocolat blanc (100 %) :<\/strong> sucre, beurre de cacao, <strong>lait<\/strong> \u00e9cr\u00e9m\u00e9 en poudre, mati\u00e8re grasse <strong>laiti\u00e8re<\/strong>, \u00e9mulsifiant : l\u00e9cithines (<strong>soja<\/strong>), ar\u00f4me naturel de vanille, ar\u00f4me.<\/p>\n<p><strong>*Chocolat au lait (100 %) :<\/strong> sucre, beurre de cacao, <strong>lait<\/strong> \u00e9cr\u00e9m\u00e9 en poudre, p\u00e2te de cacao, <strong>lactos\u00e9rum<\/strong> en poudre (<strong>lait<\/strong>), mati\u00e8re grasse <strong>laiti\u00e8re<\/strong> anhydre, <strong>lait<\/strong> entier en poudre, \u00e9mulsifiant (l\u00e9cithine de <strong>soja<\/strong>), ar\u00f4me, ar\u00f4me naturel de vanille.<\/p>\n<p><strong>*Couverture de chocolat noir (100 %) :<\/strong> p\u00e2te de cacao, sucre, beurre de cacao, \u00e9mulsifiant : l\u00e9cithines (<strong>soja<\/strong>), ar\u00f4me naturel de vanille.<\/p>\n","protected":false},"excerpt":{"rendered":"<p>D\u00e9licieuse tablette de chocolat blanc, au lait ou noir, sp\u00e9cialement d\u00e9cor\u00e9e. D\u00e9coration al\u00e9atoire. <\/p>\n","protected":false},"featured_media":10636,"comment_status":"closed","ping_status":"closed","template":"","meta":[],"product_brand":[194],"product_cat":[267,268],"product_tag":[281],"class_list":{"0":"post-12875","1":"product","2":"type-product","3":"status-publish","4":"has-post-thumbnail","6":"product_brand-abuela-ili-chocolate","7":"product_cat-selection","8":"product_cat-tous-les-produits","9":"product_tag-tablettes","10":"pa_alergenos-fruits-secs","11":"pa_alergenos-peut-contenir-du-gluten","12":"pa_alergenos-produits-laitiers","14":"first","15":"outofstock","16":"taxable","17":"shipping-taxable","18":"product-type-variable"},"_links":{"self":[{"href":"https:\/\/abuelailichocolates.com\/fr\/wp-json\/wp\/v2\/product\/12875","targetHints":{"allow":["GET"]}}],"collection":[{"href":"https:\/\/abuelailichocolates.com\/fr\/wp-json\/wp\/v2\/product"}],"about":[{"href":"https:\/\/abuelailichocolates.com\/fr\/wp-json\/wp\/v2\/types\/product"}],"replies":[{"embeddable":true,"href":"https:\/\/abuelailichocolates.com\/fr\/wp-json\/wp\/v2\/comments?post=12875"}],"wp:featuredmedia":[{"embeddable":true,"href":"https:\/\/abuelailichocolates.com\/fr\/wp-json\/wp\/v2\/media\/10636"}],"wp:attachment":[{"href":"https:\/\/abuelailichocolates.com\/fr\/wp-json\/wp\/v2\/media?parent=12875"}],"wp:term":[{"taxonomy":"product_brand","embeddable":true,"href":"https:\/\/abuelailichocolates.com\/fr\/wp-json\/wp\/v2\/product_brand?post=12875"},{"taxonomy":"product_cat","embeddable":true,"href":"https:\/\/abuelailichocolates.com\/fr\/wp-json\/wp\/v2\/product_cat?post=12875"},{"taxonomy":"product_tag","embeddable":true,"href":"https:\/\/abuelailichocolates.com\/fr\/wp-json\/wp\/v2\/product_tag?post=12875"}],"curies":[{"name":"wp","href":"https:\/\/api.w.org\/{rel}","templated":true}]}}

Tablette Spéciale Fête des Mères

<p><strong>Ingrédients :</strong></p>
<p><strong>*Chocolat blanc (100 %) :</strong> sucre, beurre de cacao, <strong>lait</strong> écrémé en poudre, matière grasse <strong>laitière</strong>, émulsifiant : lécithines (<strong>soja</strong>), arôme naturel de vanille, arôme.</p>
<p><strong>*Chocolat au lait (100 %) :</strong> sucre, beurre de cacao, <strong>lait</strong> écrémé en poudre, pâte de cacao, <strong>lactosérum</strong> en poudre (<strong>lait</strong>), matière grasse <strong>laitière</strong> anhydre, <strong>lait</strong> entier en poudre, émulsifiant (lécithine de <strong>soja</strong>), arôme, arôme naturel de vanille.</p>
<p><strong>*Couverture de chocolat noir (100 %) :</strong> pâte de cacao, sucre, beurre de cacao, émulsifiant : lécithines (<strong>soja</strong>), arôme naturel de vanille.</p>

<p>Délicieuse tablette de chocolat blanc, au lait ou noir, spécialement décorée. Décoration aléatoire. </p>
